he remainder when 1385 is divided by 13.
7
Calculate the remainder when 574 is divided by 220.
134
Calculate the remainder when 66998 is divided by 500.
498
Calculate the remainder when 40107 is divided by 418.
397
What is the remainder when 102288 is divided by 14606?
46
Calculate the remainder when 4090 is divided by 159.
115
Calculate the remainder when 19914 is divided by 35.
34
Calculate the remainder when 1245751 is divided by 261.
259
What is the remainder when 9984 is divided by 3214?
342
What is the remainder when 1985 is divided by 911?
163
What is the remainder when 11904 is divided by 24?
0
What is the remainder when 5263 is divided by 1032?
103
What is the remainder when 85991 is divided by 189?
185
Calculate the remainder when 43644 is divided by 301.
300
Calculate the remainder when 13535 is divided by 29.
21
Calculate the remainder when 144123 is divided by 156.
135
Calculate the remainder when 12634 is divided by 1487.
738
Calculate the remainder when 101488 is divided by 6764.
28
Calculate the remainder when 1114 is divided by 80.
74
Calculate the remainder when 4534 is divided by 61.
20
Calculate the remainder when 41799 is divided by 181.
169
Calculate the remainder when 24819 is divided by 17.
16
Calculate the remainder when 489679 is divided by 244818.
43
What is the remainder when 30643 is divided by 46?
7
Calculate the remainder when 5389 is divided by 1795.
4
Calculate the remainder when 10674 is divided by 10653.
21
What is the remainder when 231451 is divided by 710?
701
Calculate the remainder when 5294 is divided by 2645.
4
What is the remainder when 171261 is divided by 182?
181
Calculate the remainder when 1881857 is divided by 41.
39
Calculate the remainder when 582028 is divided by 1139.
1138
Calculate the remainder when 9477 is divided by 1892.
17
What is the remainder when 4519 is divided by 113?
112
What is the remainder when 33298 is divided by 22?
12
What is the remainder when 62765 is divided by 49?
45
What is the remainder when 61723 is divided by 7?
4
Calculate the remainder when 46031 is divided by 121.
51
What is the remainder when 234176 is divided by 78058?
2
Calculate the remainder when 12781 is divided by 426.
1
What is the remainder when 63019 is divided by 214?
103
Calculate the remainder when 123845 is divided by 50.
45
Calculate the remainder when 1335 is divided by 643.
49
Calculate the remainder when 57182 is divided by 28590.
2
What is the remainder when 8525 is divided by 64?
13
Calculate the remainder when 21415 is divided by 223.
7
Calculate the remainder when 4593973 is divided by 154.
153
What is the remainder when 218489 is divided by 13653?
41
Calculate the remainder when 22843 is divided by 357.
352
What is the remainder when 2432 is divided by 105?
17
What is the remainder when 25850 is divided by 15?
5
Calculate the remainder when 32628 is divided by 53.
33
Calculate the remainder when 6287 is divided by 81.
50
What is the remainder when 143542 is divided by 932?
14
Calculate the remainder when 5637 is divided by 931.
51
Calculate the remainder when 8897 is divided by 19.
5
What is the remainder when 70018 is divided by 49?
46
What is the remainder when 2197 is divided by 436?
17
What is the remainder when 8525 is divided by 315?
20
Calculate the remainder when 78199 is divided by 50.
49
What is the remainder when 6237 is divided by 353?
236
What is the remainder when 28143 is divided by 62?
57
Calculate the remainder when 940 is divided by 138.
112
Calculate the remainder when 3769 is divided by 920.
89
Calculate the remainder when 1981 is divided by 1979.
2
Calculate the remainder when 780719 is divided by 80.
79
What is the remainder when 63314 is divided by 364?
342
What is the remainder when 494 is divided by 24?
14
Calculate the remainder when 175 is divided by 155.
20
Calculate the remainder when 73303 is divided by 429.
373
What is the remainder when 56766 is divided by 9452?
54
Calculate the remainder when 38360 is divided by 6393.
2
What is the remainder when 782 is divided by 67?
45
What is the remainder when 13523 is divided by 28?
27
What is the remainder when 180059 is divided by 7?
5
Calculate the remainder when 17775 is divided by 187.
10
What is the remainder when 471 is divided by 228?
15
What is the remainder when 1871 is divided by 307?
29
Calculate the remainder when 631 is divided by 67.
28
Calculate the remainder when 321362 is divided by 79.
69
What is the remainder when 3446 is divided by 431?
429
What is the remainder when 1255 is divided by 546?
163
What is the remainder when 16019 is divided by 762?
17
Calculate the remainder when 49102 is divided by 8183.
4
What is the remainder when 252087 is divided by 32?
23
Calculate the remainder when 6155 is divided by 660.
215
Calculate the remainder when 279470 is divided by 397.
379
Calculate the remainder when 1349 is divided by 101.
36
Calculate the remainder when 45940 is divided by 74.
60
What is the remainder when 5373 is divided by 258?
213
What is the remainder when 16949 is divided by 16936?
13
Calculate the remainder when 26661 is divided by 3690.
831
Calculate the remainder when 7669 is divided by 6.
1
What is the remainder when 5712 is divided by 933?
114
Calculate the remainder when 847 is divided by 167.
12
Calculate the remainder when 2024 is divided by 990.
44
What is the remainder when 17380 is divided by 2479?
27
What is the remainder when 40465 is divided by 22?
7
What is the remainder when 122 is divided by 66?
56
What is the remainder when 10757 is divided by 2135?
82
Calculate the remainder when 542793 is divided by 542777.
16
What is the remainder when 592 is divided by 132?
64
Calculate the remainder when 3019 is divided by 993.
40
Calculate the remainder when 13088 is divided by 3163.
436
What is the remainder when 247091 is divided by 255?
251
What is the remainder when 4499 is divided by 1449?
152
What is the remainder when 322894 is divided by 23?
20
What is the remainder when 1177 is divided by 168?
1
What is the remainder when 8332 is divided by 263?
179
Calculate the remainder when 1370 is divided by 234.
200
Calculate the remainder when 17934 is divided by 41.
17
What is the remainder when 73449 is divided by 74?
41
Calculate the remainder when 1095718 is divided by 46.
44
What is the remainder when 14935 is divided by 180?
175
What is the remainder when 9471 is divided by 5?
1
What is the remainder when 8490 is divided by 841?
80
What is the remainder when 17594 is divided by 259?
241
What is the remainder when 33577 is divided by 31?
4
Calculate the remainder when 482 is divided by 74.
38
Calculate the remainder when 18670 is divided by 1551.
58
What is the remainder when 338937 is divided by 60?
57
Calculate the remainder when 21635 is divided by 21531.
104
Calculate the remainder when 72391 is divided by 8042.
13
What is the remainder when 4189 is divided by 828?
49
Calculate the remainder when 890 is divided by 310.
270
What is the remainder when 8186 is divided by 546?
542
What is the remainder when 4155 is divided by 1253?
396
Calculate the remainder when 3077 is divided by 112.
53
Calculate the remainder when 832183 is divided by 68.
67
What is the remainder when 215344 is divided by 124?
80
Calculate the remainder when 1363 is divided by 578.
207
What is the remainder when 14456 is divided by 1803?
32
Calculate the remainder when 61168 is divided by 61165.
3
What is the remainder when 8115 is divided by 3558?
999
Calculate the remainder when 1197 is divided by 1114.
83
What is the remainder when 1580 is divided by 94?
76
What is the remainder when 26289 is divided by 27?
18
What is the remainder when 147207 is divided by 52?
47
What is the remainder when 10621 is divided by 9867?
754
What is the remainder when 501783 is divided by 190?
183
Calculate the remainder when 3804 is divided by 51.
30
What is the remainder when 164490 is divided by 82?
80
What is the remainder when 1409 is divided by 25?
9
What is the remainder when 1726231 is divided by 217?
213
Calculate the remainder when 43418 is divided by 10851.
14
Calculate the remainder when 60623 is divided by 20202.
17
Calculate the remainder when 11595 is divided by 525.
45
Calculate the remainder when 8597 is di